{"id":294,"date":"2024-09-10T11:57:04","date_gmt":"2024-09-10T14:57:04","guid":{"rendered":"https:\/\/jasp.org.br\/inspirametamaceio\/?page_id=294"},"modified":"2024-09-10T11:58:36","modified_gmt":"2024-09-10T14:58:36","slug":"cadastro-juventude-antenada","status":"publish","type":"page","link":"https:\/\/jasp.org.br\/inspirametamaceio\/cadastro-juventude-antenada\/","title":{"rendered":"Cadastro Juventude Antenada"},"content":{"rendered":"\t\t<div data-elementor-type=\"wp-page\" data-elementor-id=\"294\" class=\"elementor elementor-294\">\n\t\t\t\t<div class=\"elementor-element elementor-element-bfcc00f e-flex e-con-boxed e-con e-parent\" data-id=\"bfcc00f\" data-element_type=\"container\" data-settings=\"{&quot;background_background&quot;:&quot;classic&quot;}\">\n\t\t\t\t\t<div class=\"e-con-inner\">\n\t\t<div class=\"elementor-element elementor-element-b942f37 e-flex e-con-boxed e-con e-child\" data-id=\"b942f37\" data-element_type=\"container\" data-settings=\"{&quot;background_background&quot;:&quot;classic&quot;}\">\n\t\t\t\t\t<div class=\"e-con-inner\">\n\t\t<div class=\"elementor-element elementor-element-fdbabdf e-flex e-con-boxed e-con e-child\" data-id=\"fdbabdf\" data-element_type=\"container\" data-settings=\"{&quot;background_background&quot;:&quot;classic&quot;}\">\n\t\t\t\t\t<div class=\"e-con-inner\">\n\t\t\t\t<div class=\"elementor-element elementor-element-2ab1f4d elementor-widget elementor-widget-htmega-contactform-addons\" data-id=\"2ab1f4d\" data-element_type=\"widget\" data-widget_type=\"htmega-contactform-addons.default\">\n\t\t\t\t<div class=\"elementor-widget-container\">\n\t\t\t            <div class=\"htmega-form-wrapper htmega-form-style-4\" >\n                \n<div class=\"wpcf7 no-js\" id=\"wpcf7-f296-o1\" lang=\"pt-BR\" dir=\"ltr\">\n<div class=\"screen-reader-response\"><p role=\"status\" aria-live=\"polite\" aria-atomic=\"true\"><\/p> <ul><\/ul><\/div>\n<form action=\"\/inspirametamaceio\/wp-json\/wp\/v2\/pages\/294#wpcf7-f296-o1\" method=\"post\" class=\"wpcf7-form init\" aria-label=\"Formul\u00e1rios de contato\" novalidate=\"novalidate\" data-status=\"init\">\n<div style=\"display: none;\">\n<input type=\"hidden\" name=\"_wpcf7\" value=\"296\" \/>\n<input type=\"hidden\" name=\"_wpcf7_version\" value=\"5.9.8\" \/>\n<input type=\"hidden\" name=\"_wpcf7_locale\" value=\"pt_BR\" \/>\n<input type=\"hidden\" name=\"_wpcf7_unit_tag\" value=\"wpcf7-f296-o1\" \/>\n<input type=\"hidden\" name=\"_wpcf7_container_post\" value=\"0\" \/>\n<input type=\"hidden\" name=\"_wpcf7_posted_data_hash\" value=\"\" \/>\n<\/div>\n<p><label> E-mail<br \/>\n<span class=\"wpcf7-form-control-wrap\" data-name=\"your-email\"><input size=\"40\" maxlength=\"400\" class=\"wpcf7-form-control wpcf7-email wpcf7-validates-as-required wpcf7-text wpcf7-validates-as-email\" autocomplete=\"email\" aria-required=\"true\" aria-invalid=\"false\" value=\"\" type=\"email\" name=\"your-email\" \/><\/span> <\/label>\n<\/p>\n<p><label> Bairro<br \/>\n<span class=\"wpcf7-form-control-wrap\" data-name=\"bairro\"><input size=\"40\" maxlength=\"400\" class=\"wpcf7-form-control wpcf7-text\" aria-invalid=\"false\" value=\"\" type=\"text\" name=\"bairro\" \/><\/span> <\/label>\n<\/p>\n<p><label>G\u00eanero<br \/>\n<span class=\"wpcf7-form-control-wrap\" data-name=\"Genero\"><span class=\"wpcf7-form-control wpcf7-radio\"><span class=\"wpcf7-list-item first\"><label><input type=\"radio\" name=\"Genero\" value=\"Feminino\" checked=\"checked\" \/><span class=\"wpcf7-list-item-label\">Feminino<\/span><\/label><\/span><span class=\"wpcf7-list-item\"><label><input type=\"radio\" name=\"Genero\" value=\"Masculino\" \/><span class=\"wpcf7-list-item-label\">Masculino<\/span><\/label><\/span><span class=\"wpcf7-list-item\"><label><input type=\"radio\" name=\"Genero\" value=\"Outro\" \/><span class=\"wpcf7-list-item-label\">Outro<\/span><\/label><\/span><span class=\"wpcf7-list-item last\"><label><input type=\"radio\" name=\"Genero\" value=\"Prefiro n\u00e3o responder\" \/><span class=\"wpcf7-list-item-label\">Prefiro n\u00e3o responder<\/span><\/label><\/span><\/span><\/span><\/label>\n<\/p>\n<p><label> Qual sua situa\u00e7\u00e3o atual?<br \/>\n<span class=\"wpcf7-form-control-wrap\" data-name=\"Qualsuasituaoatual\"><span class=\"wpcf7-form-control wpcf7-radio\"><span class=\"wpcf7-list-item first\"><label><span class=\"wpcf7-list-item-label\">Empregado(a) com carteira assinada<\/span><input type=\"radio\" name=\"Qualsuasituaoatual\" value=\"Empregado(a) com carteira assinada\" checked=\"checked\" \/><\/label><\/span><span class=\"wpcf7-list-item\"><label><span class=\"wpcf7-list-item-label\">Trabalhando como freelancer (por conta pr\u00f3pria)<\/span><input type=\"radio\" name=\"Qualsuasituaoatual\" value=\"Trabalhando como freelancer (por conta pr\u00f3pria)\" \/><\/label><\/span><span class=\"wpcf7-list-item\"><label><span class=\"wpcf7-list-item-label\">Empreendendo (possui MEI ou CNPJ)<\/span><input type=\"radio\" name=\"Qualsuasituaoatual\" value=\"Empreendendo (possui MEI ou CNPJ)\" \/><\/label><\/span><span class=\"wpcf7-list-item\"><label><span class=\"wpcf7-list-item-label\">Estudando<\/span><input type=\"radio\" name=\"Qualsuasituaoatual\" value=\"Estudando\" \/><\/label><\/span><span class=\"wpcf7-list-item\"><label><span class=\"wpcf7-list-item-label\">Procurando emprego<\/span><input type=\"radio\" name=\"Qualsuasituaoatual\" value=\"Procurando emprego\" \/><\/label><\/span><span class=\"wpcf7-list-item last\"><label><span class=\"wpcf7-list-item-label\">Outra<\/span><input type=\"radio\" name=\"Qualsuasituaoatual\" value=\"Outra\" \/><\/label><\/span><\/span><\/span><\/label>\n<\/p>\n<p><input class=\"wpcf7-form-control wpcf7-submit has-spinner\" type=\"submit\" value=\"CADASTRAR\" \/>\n<\/p><div class=\"wpcf7-response-output\" aria-hidden=\"true\"><\/div>\n<\/form>\n<\/div>\n            <\/div>\n\n        \t\t<\/div>\n\t\t\t\t<\/div>\n\t\t\t\t\t<\/div>\n\t\t\t\t<\/div>\n\t\t\t\t\t<\/div>\n\t\t\t\t<\/div>\n\t\t\t\t\t<\/div>\n\t\t\t\t<\/div>\n\t\t\t\t<\/div>\n\t\t","protected":false},"excerpt":{"rendered":"<p>E-mail Bairro Gen\u00earo FemininoMasculinoOutroPrefiro n\u00e3o responder Qual sua situa\u00e7\u00e3o atual? Empregado(a) com carteira assinadaTrabalhando como freelancer (por conta pr\u00f3pria)Empreendendo (possui MEI ou CNPJ)EstudandoProcurando empregoOutra<\/p>\n","protected":false},"author":1,"featured_media":0,"parent":0,"menu_order":0,"comment_status":"closed","ping_status":"closed","template":"elementor_header_footer","meta":{"footnotes":""},"_links":{"self":[{"href":"https:\/\/jasp.org.br\/inspirametamaceio\/wp-json\/wp\/v2\/pages\/294"}],"collection":[{"href":"https:\/\/jasp.org.br\/inspirametamaceio\/wp-json\/wp\/v2\/pages"}],"about":[{"href":"https:\/\/jasp.org.br\/inspirametamaceio\/wp-json\/wp\/v2\/types\/page"}],"author":[{"embeddable":true,"href":"https:\/\/jasp.org.br\/inspirametamaceio\/wp-json\/wp\/v2\/users\/1"}],"replies":[{"embeddable":true,"href":"https:\/\/jasp.org.br\/inspirametamaceio\/wp-json\/wp\/v2\/comments?post=294"}],"version-history":[{"count":7,"href":"https:\/\/jasp.org.br\/inspirametamaceio\/wp-json\/wp\/v2\/pages\/294\/revisions"}],"predecessor-version":[{"id":304,"href":"https:\/\/jasp.org.br\/inspirametamaceio\/wp-json\/wp\/v2\/pages\/294\/revisions\/304"}],"wp:attachment":[{"href":"https:\/\/jasp.org.br\/inspirametamaceio\/wp-json\/wp\/v2\/media?parent=294"}],"curies":[{"name":"wp","href":"https:\/\/api.w.org\/{rel}","templated":true}]}}